housands digit of 129438?
1
What is the ten millions digit of 18952400?
1
What is the thousands digit of 21588127?
8
What is the tens digit of 12985839?
3
What is the hundred thousands digit of 314062?
3
What is the hundreds digit of 138321?
3
What is the units digit of 63068?
8
What is the ten thousands digit of 5882021?
8
What is the hundred thousands digit of 1126301?
1
What is the hundred thousands digit of 406761?
4
What is the tens digit of 12731258?
5
What is the hundreds digit of 3961455?
4
What is the hundred thousands digit of 848320?
8
What is the ten thousands digit of 1501173?
0
What is the units digit of 893014?
4
What is the hundred thousands digit of 829580?
8
What is the units digit of 1172123?
3
What is the thousands digit of 5400687?
0
What is the units digit of 284368?
8
What is the units digit of 132866?
6
What is the hundreds digit of 10613071?
0
What is the ten thousands digit of 3542966?
4
What is the hundreds digit of 318898?
8
What is the tens digit of 1004441?
4
What is the millions digit of 1090365?
1
What is the units digit of 195484?
4
What is the thousands digit of 232295?
2
What is the tens digit of 3774640?
4
What is the hundred thousands digit of 930460?
9
What is the units digit of 135848?
8
What is the ten thousands digit of 926201?
2
What is the hundred thousands digit of 122889?
1
What is the hundreds digit of 3443690?
6
What is the tens digit of 17947?
4
What is the hundreds digit of 2836169?
1
What is the hundreds digit of 1629193?
1
What is the thousands digit of 343347?
3
What is the thousands digit of 489089?
9
What is the hundreds digit of 387019?
0
What is the millions digit of 1611739?
1
What is the ten thousands digit of 787805?
8
What is the millions digit of 5428984?
5
What is the ten thousands digit of 268852?
6
What is the thousands digit of 300533?
0
What is the hundreds digit of 209117?
1
What is the thousands digit of 260710?
0
What is the hundreds digit of 3549614?
6
What is the ten thousands digit of 16081622?
8
What is the tens digit of 4308388?
8
What is the thousands digit of 372753?
2
What is the units digit of 2648307?
7
What is the hundred thousands digit of 1240961?
2
What is the hundreds digit of 298344?
3
What is the hundreds digit of 151754?
7
What is the ten millions digit of 21473596?
2
What is the ten thousands digit of 1552831?
5
What is the units digit of 140209?
9
What is the millions digit of 35660679?
5
What is the tens digit of 7301431?
3
What is the units digit of 961406?
6
What is the hundreds digit of 764860?
8
What is the millions digit of 5355712?
5
What is the units digit of 96243?
3
What is the hundred thousands digit of 26280349?
2
What is the hundred thousands digit of 347341?
3
What is the thousands digit of 124668?
4
What is the hundred thousands digit of 174457?
1
What is the hundred thousands digit of 133731?
1
What is the ten thousands digit of 1103484?
0
What is the thousands digit of 170896?
0
What is the millions digit of 9717477?
9
What is the ten thousands digit of 182829?
8
What is the units digit of 355031?
1
What is the ten thousands digit of 1833910?
3
What is the thousands digit of 244513?
4
What is the thousands digit of 250340?
0
What is the tens digit of 3370624?
2
What is the millions digit of 17336077?
7
What is the tens digit of 6345883?
8
What is the tens digit of 251798?
9
What is the hundred thousands digit of 3659965?
6
What is the hundreds digit of 23172?
1
What is the thousands digit of 16587764?
7
What is the units digit of 20822?
2
What is the ten thousands digit of 1564485?
6
What is the tens digit of 9253109?
0
What is the thousands digit of 1035387?
5
What is the thousands digit of 555834?
5
What is the ten thousands digit of 7894410?
9
What is the thousands digit of 134993?
4
What is the hundreds digit of 889088?
0
What is the units digit of 929569?
9
What is the thousands digit of 3665486?
5
What is the ten thousands digit of 503457?
0
What is the hundred thousands digit of 125849?
1
What is the millions digit of 2215800?
2
What is the units digit of 237099?
9
What is the hundreds digit of 750699?
6
What is the thousands digit of 722209?
2
What is the hundred thousands digit of 4114000?
1
What is the units digit of 2272841?
1
What is the thousands digit of 5058438?
8
What is the hundreds digit of 1247162?
1
What is the units digit of 368593?
3
What is the millions digit of 13317186?
3
What is the units digit of 8214?
4
What is the ten thousands digit of 2231683?
3
What is the ten thousands digit of 13206371?
0
What is the hundreds digit of 190730?
7
What is the millions digit of 1397753?
1
What is the millions digit of 25743707?
5
What is the millions digit of 7053185?
7
What is the millions digit of 16196304?
6
What is the hundreds digit of 3160872?
8
What is the hundred thousands digit of 814120?
8
What is the millions digit of 1304804?
1
What is the hundred thousands digit of 18536436?
5
What is the hundreds digit of 3143741?
7
What is the thousands digit of 154329?
4
What is the hundred thousands digit of 239636?
2
What is the hundred thousands digit of 890560?
8
What is the hundred thousands digit of 1029444?
0
What is the tens digit of 533499?
9
What is the millions digit of 4029442?
4
What is the ten thousands digit of 1440437?
4
What is the units digit of 8241868?
8
What is the hundreds digit of 91782?
7
What is the thousands digit of 3803882?
3
What is the units digit of 21247863?
3
What is the tens digit of 113151?
5
What is the ten thousands digit of 1841354?
4
What is the hundreds digit of 1502915?
9
What is the hundreds digit of 3104684?
6
What is the millions digit of 7599589?
7
What is the ten thousands digit of 1398812?
9
What is the ten thousands digit of 7091528?
9
What is the ten thousands digit of 275434?
7
What is the tens digit of 776085?
8
What is the units digit of 273448?
8
What is the ten thousands digit of 1157021?
5
What is the thousands digit of 402195?
2
What is the ten thousands digit of 9330716?
3
What is the hundred thousands digit of 2854887?
8
What is the units digit of 215031?
1
What is the ten millions digit of 23052321?
2
What is the millions digit of 6593714?
6
What is the millions digit of 4092394?
4
What is the ten thousands digit of 57871?
5
What is the hundreds digit of 3705975?
9
What is the hundreds digit of 347824?
8
What is the ten millions digit of 17022507?
1
What is the units digit of 6542389?
9
What is the ten thousands digit of 105252?
0
What is the hundred thousands digit of 131223?
1
What is the ten thousands digit of 218320?
1
What is the ten thousands digit of 4358390?
5
What is the hundreds digit of 2405397?
3
What is the units digit of 530225?
5
What is the millions digit of 5856559?
5
What is the hundreds digit of 127606?
6
What is the units digit of 23837664?
4
What is the millions digit of 3043615?
3
What is the hundred thousands digit of 1716435?
7
What is the tens digit of 10370192?
9
What is the hundreds digit of 12493174?
1
What is the tens digit of 10125377?
7
What is the hundred thousands digit of 812798?
8
What is the thousands digit of 4342098?
2
What is the ten thousands digit of 45392?
4
What is the hundreds digit of 301190?
1
What is the units digit of 175775?
5
What is the hundreds digit of 5127624?
6
What is the hundreds digit of 400367?
3
What is the hundreds digit of 7563303?
3
What is the hundreds digit of 1347178?
1
What is the millions digit of 1529918?
1
What is the thousands digit of 233032?
3
What is the hundred thousands digit of 6577765?
5
What is the tens digit of 370914?
1
What is the tens digit of 4252848?
4
What is the hundreds digit of 55239?
2
What is the millions digit of 1020779?
1
What is the thousands digit of 80485?
0
What is the thousands digit of 460510?
0
What is the hundreds digit of 754540?
5
What is the hundred thousands digit of 854099?
8
What is the tens digit of 10502?
0
What is the ten thousands digit of 704697?
0
What is the ten thousands digit of 716457?
1
What is the tens digit of 611052?
5
What is the millions digit of 42442073?
2
What is the tens digit of 24648972?
7
What is the hundreds digit of 491468?
4
What is the thousands digit of 1085580?
5
What is the thousands digit of 25499326?
9
What is the hundreds digi